1*c + 5. Let h be z(8). What is t(h)?
-1
Let h(w) be the third derivative of w**4/24 - 7*w**3/6 + 8*w**2. Determine h(7).
0
Let a(t) = -t + 3*t**2 - 2*t**2 - 8 + 2 - 2*t. Suppose 3*z - 5*o + 3*o = 17, -o - 6 = -z. What is a(z)?
4
Let q(s) = 2 + s + 2*s - 4*s + s**2 - 3*s. What is q(5)?
7
Suppose -k + 0 = -3. Let t(h) = 3*h + 2. Calculate t(k).
11
Let s be (-24)/(-9) + 4/(-6). Suppose -5*x + 34 = -z, -3*x - s*z + 13 = 3. Let q(b) = b - 1. Give q(x).
5
Let c(u) be the second derivative of u**5/20 - u**4/3 - u**3/3 - u**2/2 + 3*u - 2. Determine c(5).
14
Let f(a) = -a + 4. Let n(x) = 7*x**3 - 2*x**2 + 2*x. Let k be n(1). Calculate f(k).
-3
Let b be ((-6)/5)/(10/(-75)). Suppose 3*a - 2*r = b + 2, r = 5*a - 23. Let f(g) = -4*g + 7. Let m(c) = 3*c - 7. Let v(n) = 2*f(n) + 3*m(n). Determine v(a).
-2
Suppose 2*b + 2*b = -8. Let m(n) be the first derivative of n**4/2 + 2*n**3/3 - n**2 - n - 6. Determine m(b).
-5
Let h(y) = 3*y + 3. Let v(k) be the third derivative of k**6/120 + k**5/15 + k**4/12 + k**3/2 - 8*k**2. Let a be v(-4). Calculate h(a).
-12
Let j(f) = 5*f**2 + 3. Let i(z) = 14*z**2 + z + 8. Let c(d) = -4*i(d) + 11*j(d). Suppose -3 - 6 = 3*o. Give c(o).
4
Let m(p) = 3*p**2 + 2*p - 1. Let t be (-8)/(-2*(-1)/(-1)). Let l(j) = -2*j - 3*j + 5*j - 3 - t*j - j**2. Let s be l(-2). Give m(s).
4
Let z(y) be the first derivative of -y**2/2 + 4*y + 27. Calculate z(3).
1
Suppose 2*v + 4*t = -20, -5*t = -v + 5*v + 25. Let m(y) be the third derivative of 0 + 1/120*y**6 + 0*y - y**2 - 1/60*y**5 + v*y**3 + 1/24*y**4. Calculate m(0).
0
Let f(v) = 2*v**2 + 2*v - 3. Let x(c) = -c**2 + 2*c - 3. Let b be x(2). Let d be f(b). Let t(m) = -5 - 8*m**2 + 4 + d*m**2 - m. What is t(-2)?
5
Let g(j) be the second derivative of j**4/12 + 7*j**3/6 + 3*j**2/2 + 26*j. What is g(-6)?
-3
Suppose -a - 3*a = -4. Let s = -2 - a. Let b(j) = -j**3 - 2*j**2 + 2*j - 3. Give b(s).
0
Let w(p) = p**3 - 17*p**2 + 17*p - 11. Let h be w(16). Suppose -3 = -h*o + 8*o. Let t(n) = 8*n. Give t(o).
-8
Suppose 0 = h - a, 5*h + a + 4*a - 20 = 0. Let t(g) = -2*g + 88*g**2 - 87*g**2 - h*g + 3. Determine t(4).
3
Suppose g + 12 = 3*p, -2*g - 4*p + 23 = -g. Let h(w) = w**2 + 2 - 2 + g - 3*w. Suppose 6*z - 6 = 3*z. Give h(z).
1
Let f(q) be the third derivative of -q**4/12 - 5*q**3/3 + 7*q**2. Calculate f(-7).
4
Let q be (0 + 2)/((-4)/(-10)). Let m(s) = 7*s**2 - q*s**2 - 3*s + 6*s**3 - 5*s**3 + 4. Give m(-3).
4
Let f(y) = -18*y + y**3 + 9*y + 3*y**2 + 9*y. What is f(-3)?
0
Let n = 20 + -8. Let a be 4*2*(-6)/n. Let z(h) = 3*h + 6. What is z(a)?
-6
Let o(w) = -w - 4. Let z(t) = -t - 1. Let a be z(-4). What is o(a)?
-7
Suppose -1 = 2*q - 13. Let g(r) = -r**3 + 7*r**2 - 5*r - 2. Calculate g(q).
4
Let s(d) be the third derivative of d**6/120 - d**5/20 + d**4/24 - d**3/2 + 14*d**2. Let f(l) = -l - 4. Let r be f(-7). What is s(r)?
0
Suppose -k - 9 = -2*a, 4*k = -a + 14 - 5. Let d(b) = 7*b**2 + 2*b + 1. Let x be d(-1). Let j(s) = 7*s - x*s + s**2 - 13*s**2. Give j(k).
-11
Suppose 2*c + 2 = 3*s, 3*s - 16 = -4*c - c. Let o = -6 - -8. Let l(h) = 3 + 0*h - 2*h + h + h**3 - 3*h**2 - o*h. Give l(c).
-7
Let w(x) = 2*x - 7. Suppose -5 = -3*j - 5*l + 47, -5*j = -2*l - 66. Let z(i) = -i + 20. Let n be z(j). What is w(n)?
5
Let b(s) = 5*s**3 - s**2 + s - 1. Suppose -4*c + 11 = 3, -2*y = 4*c + 6. Let o(f) = 6*f**3 - 2*f**2 + 2*f - 2. Let r(j) = y*b(j) + 6*o(j). Calculate r(4).
-1
Let u(w) = -13*w**2 + 11*w**2 + 1 - 8*w**3 + 7*w**3. Give u(1).
-2
Let b(k) = 6*k**2 - k - 3. Let r be b(-1). Let c(u) = 4*u**3 - 7*u**2 + 2*u + 5. Let w(h) = -h**3 + h**2 - h - 1. Let z(s) = c(s) + 3*w(s). What is z(r)?
-2
Let t(p) = -p**2 + 4*p + 4. Let f be t(4). Let r(i) = 2*i + 2. What is r(f)?
10
Suppose -3*m + 3 = 15. Let a(z) = 5*z - 3. Let h(x) = -2*x + 1. Let v(s) = m*a(s) - 9*h(s). Let f be v(2). Let p(n) = 3*n**3 - n. Calculate p(f).
-2
Let d(q) be the second derivative of 5*q**3/3 - q**2/2 - 2*q. Give d(1).
9
Let x(f) = -3*f + 1. Let t = -25 + 26. What is x(t)?
-2
Let p(a) = -a**3 - 3. Suppose 6*f + 4 = 4. Determine p(f).
-3
Let s(v) = -26*v - 14. Let y(t) = 9*t + 5. Let a(q) = 6*s(q) + 17*y(q). Let p(r) = r**3 + 7*r**2 + 7*r + 2. Let k be p(-6). Give a(k).
13
Suppose -7 = 2*b - 1. Let s(w) = -w**2 - 5*w + 1. Give s(b).
7
Let p be (2 - 1/(-1)) + 0. Let s(r) = 2*r - 19. Let o(x) = -x + 10. Let d(w) = p*s(w) + 5*o(w). Determine d(5).
-2
Let g(u) = -13*u. Let t(r) = -19*r. Let n(o) = -7*g(o) + 5*t(o). Determine n(1).
-4
Let w(c) be the first derivative of -c**3 - 5*c**2/2 + 8. Let x(d) = -4*d**2 - 5*d - 1. Let a = -5 - -10. Let n(r) = a*w(r) - 4*x(r). Give n(3).
-2
Let l(j) = j**3 - j**2. Let c(i) = i**3 - 13*i**2 + i - 14. Let x be c(13). Let s(z) = 3*z**3 + 2*z - 6. Let r(t) = x*s(t) + 4*l(t). Give r(4).
-2
Suppose f - 2*f = 10. Let u be (-4 - -1)*f/3. Let k(a) = -4*a - 2. Let r(l) = -l - 1. Let z(c) = u*r(c) - 2*k(c). What is z(-4)?
2
Let f(v) be the third derivative of 0 - 1/2*v**3 + 0*v + 1/60*v**5 + 2*v**2 - 1/12*v**4. Let p be 4/(-10) + 168/20 + -4. Give f(p).
5
Let k(w) = -5*w**3 - 4*w**2 + 9*w - 5. Let s(i) = -6*i**3 - 4*i**2 + 10*i - 5. Let z(v) = -v - 16. Let g be z(-11). Let t(x) = g*k(x) + 4*s(x). Calculate t(-5).
5
Suppose -2*m - 13 = -k, -5 = -4*m - 4*k - 1. Let z(o) = o**2 + 4*o + 4. What is z(m)?
4
Let c = 1 - -1. Suppose -c*z = 3*z. Let f(p) be the second derivative of p**5/20 - p**4/12 + p**2 - 9*p. Give f(z).
2
Let t(n) be the first derivative of -1 - n - 5/4*n**4 - n**2 + 1/3*n**3. Let m(u) = 24*u**3 - 5*u**2 + 11*u + 5. Let a(x) = 2*m(x) + 11*t(x). Determine a(1).
-7
Let a(u) be the second derivative of 1/6*u**4 + 0 + u - 5/2*u**2 + 1/2*u**3. Give a(-4).
15
Let b = -1 + 2. Suppose -3*y = -4*y + 4*t - 16, -3*y = -2*t - 2. Let h(k) = 3 + 14*k - y - 7*k. What is h(b)?
6
Let n(y) = y - 3. Let b(k) = k + 4. Let w be b(-2). Suppose 5*l = w*l + 15. Calculate n(l).
2
Let r(x) = 4*x**3 + x**2 - x + 3. Let c(g) = 5*g**3 + 2*g**2 - 2*g + 4. Let p = -5 + 8. Suppose -p*t - 12 = t. Let i(m) = t*c(m) + 4*r(m). Calculate i(2).
4
Let g(q) be the second derivative of q**5/5 - q. Let s(d) = d**2 + 6*d + 7. Let z be s(-5). Suppose -5*v - 5 = 2*a, -z*v + 6*a = 2*a - 22. Give g(v).
4
Let s = 28 - 8. Suppose 0*w - 5*w = -s. Let u(m) = -101*m**2 - 1 + 102*m**2 + 5 - 3*m. Determine u(w).
8
Let x(c) = 6*c - 5. Let i(t) = -7*t + 6. Let a(s) = -4*i(s) - 5*x(s). Calculate a(3).
-5
Let q(b) = -b**3 + 6*b**2 + b - 6. Suppose 2*n + 0*n = -4*v + 8, 4*v + 52 = 3*n. Suppose -n - 12 = -4*r. Give q(r).
0
Let x(g) = g**2 + 4*g + 2. Suppose 2*b = 3*b. Suppose -5*k - 15 = 5*a, -5*k + a + b*a = 15. Give x(k).
-1
Let d(a) = a**3 + 4*a**2 - 4*a + 2. Let w be d(-5). Let h(z) be the second derivative of z**3/6 + 2*z**2 - z. Give h(w).
1
Let h(r) = -3*r**2 - 8*r. Let b(i) = i**2 + i + 1. Let g(q) = 2*b(q) + h(q). What is g(-7)?
-5
Let f(x) be the second derivative of -x**4/12 - 5*x**3/6 + x**2 - 7*x. Determine f(-4).
6
Let t(w) = w - 7. Let u be 20/6*12/10. Let n(p) = u - 1 - p + 7. Let o be n(7). What is t(o)?
-4
Let h be (3 - -21)/(-3) + 4. Let x(b) = -2*b**2 - 4*b + 5. Give x(h).
-11
Let o(t) be the first derivative of -t**4/4 + t**3 + 5*t**2/2 - 4*t - 2. Let g(x) = x**2 - 3*x - 6. Let d be g(5). Determine o(d).
0
Let g(v) = v**2 - 1. Let s be g(0). Suppose -3 = 4*w - 23. Let r(u) = w - 6*u - 4 - 1. Determine r(s).
6
Let m(a) = -13*a**3 - 13*a**2 - a. Let x(p) = -3*p**3 - 3*p**2. Let n(r) = -2*m(r) + 9*x(r). What is n(-2)?
0
Let t = -13 + 17. Let c(n) = -3*n + 2*n + t - 1. Give c(5).
-2
Let t = -18 - -13. Let i(x) = -x**3 - 4*x**2 + 3*x - 4. What is i(t)?
6
Let b(o) = o - 4. Let q be b(7). Let z(t) be the first derivative of -t**4/12 - 2*t**3/3 - t**2 - 2. Let f(y) be the second derivative of z(y). Determine f(q).
-10
Let l(s) = -7 - 5 - s + 0 + 11. Let y(h) = 1. Let w(u) = 2*l(u) + 3*y(u). Let p be 1/1*(-3 - -1). Determine w(p).
5
Let l(x) = x**2 - 7*x + 12. Let w be l(5). Let g(j) = j**3 - j**2 + j + 2. Give g(w).
8
Let q(h) = -h**3 - h**2 + h + 1. Let t(m) = 4*m**3 - 2*m**2 - 7*m - 5. Let u(v) = 3*q(v) + t(v). Give u(6).
10
Let d(b) = -5*b**3 - 4*b**2 + 5*b - 3. Let h(y) = -y**3 + y - 1. Let p(s) = d(s) - 4*h(s). What is p(-3)?
-11
Let f(w) = w**3 + 11*w**2 + 9*w - 6. Let b be f(-10). Let o be ((-4)/6)/(b/(-6)). Let s(x) be the third derivative of x**4/6 